+ 11*i**2 + 8*i + 1. Suppose -18 = -6*u + 4*u. Suppose -s + 0*s = u. What is the tens digit of j(s)?
9
Let n(s) = 5*s**3 - 6*s**2 + 7*s. Let f(y) = -2*y**2 - 30*y + 4. Let h be f(-15). Let z be n(h). Let c = -100 + z. What is the hundreds digit of c?
1
Let z(q) = 4*q + 24. Let a(g) = -8*g - 50. Let j(n) = n**3 + 10*n**2 - 12*n - 16. Let l be j(-11). Let r(y) = l*z(y) - 2*a(y). What is the tens digit of r(-14)?
3
Suppose -p = -3, p - 6 = j - 2*p. Suppose -2*n - 4*k = -4*n + 104, -5*n + 234 = j*k. What is the tens digit of n?
4
Let b(l) = l + 11. Let x be b(-27). What is the hundreds digit of 10 + 7 + x + 504?
5
Suppose -w - 60 = -4*w. Let d be 89/3 + w/(-30). Suppose d = j - 56. What is the tens digit of j?
8
Suppose -3*v - 3*s = 0, -s = v - 4*s - 12. Suppose 5259 = v*t + 2043. What is the units digit of t?
2
Let u(w) be the first derivative of -4*w**2 - 64*w + 126. What is the tens digit of u(-19)?
8
Let i(t) = 3 + 327*t**3 - 6*t**2 - 329*t**3 - 29 - 11*t. What is the units digit of i(-6)?
6
Let k = -297 - -299. Suppose -2*s - 4*y = -58, -3*y = -k*s - 20 + 106. What is the tens digit of s?
3
Suppose -12*f + 7850 = -2*f. Let u = f - 418. What is the tens digit of u?
6
What is the units digit of -6 + (-4)/(-30) + 11285920/600?
4
Let p(y) = 2*y**3 - y**2 + 8*y - 8. Let d be p(4). Suppose 3*i + 58 + 66 = 4*o, 0 = -3*i - 2*o - d. Let r = -31 - i. What is the tens digit of r?
1
Suppose -w + 3*w - 12 = 0. Suppose -3*j + 2 - 43 = -5*l, -5*l - 8 = 4*j. What is the tens digit of (175/(-14) + j)*(-4)/w?
1
Let j = 19764 + -17285. What is the units digit of j?
9
Suppose 3*i - 989 = 5*r, -404*r - 919 = -3*i - 409*r. Let j be (-1)/4 + (-6399)/(-12). Let o = j - i. What is the tens digit of o?
1
Suppose 2946*r = 2898*r + 1783584. What is the tens digit of r?
5
Suppose 0 = -4*y + 5*k + 497, -2*y - k + 5 = -226. Let s = y - -356. What is the hundreds digit of s?
4
Suppose 15*n = n + 28. Suppose 0*h - 908 = -5*h - n*p, 185 = h - 3*p. What is the hundreds digit of h?
1
Let k be ((-27)/(-5))/((-114)/(-190)). What is the hundreds digit of 0 + 364 + -7 + k?
3
Let c = -122 + 184. Let g be -1*c/(-10) + (-8)/40. What is the hundreds digit of 2/(-10) - g/30*-1031?
2
What is the thousands digit of -22*(-54)/99 + 45027?
5
Let h(t) be the second derivative of -t**5/20 + t**4/6 - 13*t**3/6 + 9*t**2/2 + 155*t. What is the hundreds digit of h(-8)?
7
Let t be (23/(-23))/(0 + 3)*9. What is the hundreds digit of t/(((-6)/35)/(600/42))?
2
Let i = -550 - -565. Suppose -10*p + 7809 = 4*c - i*p, p + 7821 = 4*c. What is the hundreds digit of c?
9
Let r be -4 - (-36)/16*8. Let o(c) = 6 - 14*c - 2 - 2 + 2*c**2. What is the tens digit of o(r)?
9
Let b = -55 + 52. What is the units digit of 875 + (-4 + 3)/(-1)*b?
2
Suppose 351*d = 344*d + 117936. What is the ten thousands digit of d?
1
Let p(j) be the first derivative of -61*j**3/6 - 2*j**2 + 3*j + 9. Let w(m) be the first derivative of p(m). What is the tens digit of w(-1)?
5
Let r = 319 + -317. Suppose -d = 3*d + 8, r*h - 730 = 5*d. What is the units digit of h?
0
Let m = -11948 - -24275. What is the thousands digit of m?
2
Let p(z) = -2*z**3 - 174*z**2 + 162*z - 165. What is the units digit of p(-88)?
7
Suppose 61 = u + 76. Let l(w) = w**2 + 7*w + 14. What is the hundreds digit of l(u)?
1
Suppose -u + 28095 = 6754. What is the tens digit of u?
4
Suppose -4 = -3*o + o. Suppose o*b + b - 3 = 0. What is the tens digit of 2 - (-14 - -1)/(1/b)?
1
Suppose -2*q = 4*s - q + 2, 3*q = -s - 6. Let o be 2 + s + -6 + -4. What is the tens digit of 1150/16 + o/(-64)?
7
Suppose 2*t - 6*c = -2*c + 168, 4*t = 3*c + 316. Let a = t - 76. Suppose y - 2*y + 2 = 0, a = 5*o + y - 202. What is the tens digit of o?
4
Let j = -781 + 465. Let f = j + 1078. What is the units digit of f?
2
Let v be (-5)/(-1)*(-2)/(-5). Suppose -5 = -v*i + 3*a, -a = -3*i + 16 + 2. Suppose i*o = 76 + 358. What is the units digit of o?
2
Suppose 14293700 = 258*w + 148*w - 26*w. What is the tens digit of w?
1
Let g be 3/(-3) - (0 - 40). Suppose -g = -b - r, 0*b - 4*r = -4*b + 156. Suppose -b - 157 = -4*z. What is the units digit of z?
9
Let v = 20422 - 12211. Suppose -v = 25*c - 44436. What is the tens digit of c?
4
Let s = 77076 - 54759. What is the units digit of s?
7
Let k(t) = 971*t - 965. What is the units digit of k(12)?
7
Let n = 17469 - -4388. What is the tens digit of n?
5
Let m(w) = w**3 + 4*w**2 - 13*w - 3. Let h be m(-8). Let p = 368 + h. What is the units digit of p?
3
Suppose -3*k + 3 = -27. Let j(q) be the third derivative of -q**5/60 + 13*q**4/24 + 3*q**3 - 39*q**2 + 4. What is the units digit of j(k)?
8
Let x(y) = 507*y**2 + 23*y - 42. What is the units digit of x(2)?
2
Suppose 17*n + 18*n - 44688 = -3*n. Suppose 3*l - 7*l - 72 = 0. What is the units digit of n/l*12/(-8)?
8
What is the units digit of (-6 + 0/2)/((-13)/((-164853)/(-18)))?
7
Let d(b) = -87 + 10 - b - 29 - 71 - 63*b. What is the tens digit of d(-7)?
7
Suppose 0 = -15*g + 14*g + 558. What is the tens digit of (-4)/(-8)*-4*1 + g?
5
Suppose -355 = -2*x + 3*a, 16 + 9 = -5*a. Let p = -94 + x. Let o = 122 - p. What is the tens digit of o?
4
Let g(n) = 87*n**2 + 40*n - 536. What is the tens digit of g(20)?
6
Suppose 0*c + 59 = -c - 5*o, -2*c + o - 118 = 0. Let x = 42 + c. Let w = 29 + x. What is the units digit of w?
2
Let d(x) = 2*x - x**2 - 28*x**3 + 46*x**3 - 2 - 23*x**3. Let y be d(1). Let u = y + 24. What is the units digit of u?
8
Let a(w) = -w**2 + 13*w - 44. Let t be a(6). What is the tens digit of (-12 + 10)*21/t?
2
Suppose -110*c = -107*c - 144. What is the tens digit of 4935/18 + 40/c?
7
Let s = 86768 - 61085. What is the units digit of s?
3
Let a(d) = 20*d + 1. Let p be a(1). Let y = p + -21. Suppose 8*o + 4*o - 492 = y. What is the tens digit of o?
4
Suppose 4*r = -4, 16*l - 2301 = 12*l + 5*r. Suppose 0 = -d - 3*b + 293, -2*d - 9*b = -6*b - l. What is the hundreds digit of d?
2
Suppose -3*k + 9 = 0, 0 = 31*m - 27*m + 3*k + 75. Let u(i) = -i**2 - 38*i + 37. What is the tens digit of u(m)?
9
Let t(m) = -19*m**3 + m**2 + 5*m + 7. Let i be 3/24 + (-4470)/48. Let d = i + 91. What is the tens digit of t(d)?
5
Let z(g) = -g**2 + 6*g - 7. Let n be z(3). Suppose n*o = 4*k - 754, 3*k + 2*k - 3*o - 944 = 0. What is the hundreds digit of k?
1
Let n(q) = 23*q + 67. Let p be n(-9). Let o = 623 + p. What is the tens digit of o?
8
Let c(t) = -1514*t + 3446. What is the units digit of c(-15)?
6
Let r(p) be the third derivative of 31*p**4/24 - 14*p**3/3 - 96*p**2. What is the hundreds digit of r(9)?
2
Let a(j) = 9*j**2 + 9*j**2 - 16*j + 1 - 3 - 15*j**2. Let g be 6 + 2 + 2 + -3. What is the tens digit of a(g)?
3
Suppose -2*y = 8, -5*z - 36853 + 174766 = -2*y. What is the hundreds digit of z?
5
Let h(k) = 10*k - 9*k - 2 + 10*k + k**2. Let b be (((-175)/(-10))/7)/((-10)/(-20)). What is the units digit of h(b)?
8
Let c(i) = -6*i + 1214. What is the hundreds digit of c(54)?
8
Let g(b) = 563*b - 12. Let j be g(-1). What is the units digit of j/10*(-8)/5?
2
Suppose -95 = -i - 23. Let c be 3/(-12) + (-6)/((-24)/533). Let v = c - i. What is the tens digit of v?
6
Let c be (-4)/(-30) + (-208)/(-15). Let k be (-2)/14 - 460/c. Let l = 58 + k. What is the units digit of l?
5
Let g = 755 + 795. What is the hundreds digit of g?
5
Let j(m) = 2*m**3 - 3*m**2 + m + 14. Let b be j(5). Suppose -196*p + 1498 = -b*p. What is the tens digit of p?
4
What is the thousands digit of (2/(-6))/(4/6*22/(-1136828))?
5
Suppose -8*i + 16 = -0*i. Suppose -5*h = -y - 1263, -i*y - 1017 = -4*h + y. What is the units digit of h?
2
Let w = 70 + -67. Suppose 9 + 465 = 4*l + w*u, -3*u = -2*l + 246. Suppose l = 3*b + 5*y, 2*y - 117 + 41 = -2*b. What is the tens digit of b?
3
Let y = 7072 - -32844. What is the hundreds digit of y?
9
Suppose -3*r = r + d - 25, 5*r + d - 32 = 0. Suppose h + 1302 = r*h. What is the hundreds digit of h?
2
Let b(d) = 9*d**3 - 19*d**2 + 4*d + 230. What is the units digit of b(14)?
8
Let o = 298 - 182. Let f = 308 - o. Suppose 0 = 5*a + 2*j - f, -a = -2*j + 7 - 55. What is the tens digit of a?
4
What is the thousands digit of 3038*(-7)/(-14) - 10?
1
Suppose 10 = 15*l - 18*l + 5*q, 4*l + q + 21 = 0. What is the tens digit of l*(-7 + 6)*64?
2
Let v(u) = u**2 + 22*u - 44. Suppose 32 = 3*d - 10. Let t(p) = p**3 - 12*p**2 - 31*p + 